ose -i - 338 = -5*h. Suppose -g - d = -h, 185 = -5*g + 5*d + 1475. Is g a prime number?
True
Suppose 58 = -12*n - 26. Let u(a) = 5*a + 40. Let c be u(n). Suppose -c*g = -14116 + 381. Is g a prime number?
False
Let d(t) = 8892*t**2 + 361*t + 2496. Is d(-7) prime?
False
Suppose 64*v - 108 = 52*v. Is 4697 - v - (-1 + 4) a composite number?
True
Suppose 4 = 4*b + 5*r - 7, -3*r = 4*b - 13. Suppose -11*x + 6*x = -2*a + 4838, -b*a + 9732 = 4*x. Is a composite?
True
Let d(c) = 2608*c**2 + 114*c + 219. Is d(17) a composite number?
False
Suppose -2*h + 3*b - 2*b - 4 = 0, h - b = 0. Let u be (-14)/h - (-3 - (-7)/2). Suppose 0 = u*y + 5*y - 4024. Is y composite?
False
Suppose -n - 16 = -5*n. Suppose -4*o + 0*s + s + 69859 = 0, o - n*s = 17446. Is o/24 + (-3)/4 prime?
True
Suppose z + 8 = -z - 2*b, -5*z + 3*b = 60. Let f be (15 - z)/(3/2). Is (1 - 20265/(-6)) + (-24)/f prime?
False
Is 3300/900 + (-249202)/(-3) a prime number?
True
Let z(d) = 431*d**2 - 31*d - 527. Is z(-39) prime?
False
Is 91428 + 130/(14 - 4) prime?
False
Let n(f) = 2*f - 11. Let x be n(8). Suppose -x*j - 4*z + 5*z - 62 = 0, -3*j = z + 34. Let p(h) = -h**3 + 2*h**2 + 30*h + 1. Is p(j) a composite number?
False
Let l = 9593 + -5176. Suppose -4*c - 4*o = -8*o - 17644, -c - 2*o = -l. Is c prime?
False
Let f = 54 + 377. Let m be ((-22)/3)/(2/(-60)). Let l = f - m. Is l prime?
True
Suppose b - 63*v = -64*v + 80773, 3*v + 80777 = b. Is b composite?
True
Let m = 2 + 0. Let r be (-19507)/(-7) + (-584)/(-280) + 36/(-20). Is r/12*m*14*1 a composite number?
True
Suppose 61*k + 82181 = 62*k + 2*d, -5*k = 5*d - 410910. Is k a composite number?
False
Suppose 0 = i + 96 - 24. Is ((-8688)/i)/((-4)/(-42)) composite?
True
Let z = -28509 - -52978. Is z composite?
False
Let h be 0/((6/(-1))/(-3)). Suppose p - 2027 + 351 = h. Let r = 2353 - p. Is r a prime number?
True
Let w = -60 - -62. Let f be 30/20*(w + (-28)/6). Is (-4)/(-6)*(-7314)/f a composite number?
True
Suppose 0 = 3*t - 505 + 499. Suppose 0 = 3*k + t*o - 25267, 2*o - 33661 = -4*k + 5*o. Is k prime?
True
Let h be 730/25 + (-1)/5. Let p(l) = -h*l + 3*l - 11 - 4*l. Is p(-15) a prime number?
True
Suppose 5*a - 59 = -s, -2*s + 3 = -5*s. Is (974/3)/(4/a*2) prime?
True
Let f = 3895506 - 2674613. Is f composite?
False
Let r = -16232 + 7579. Let b = -4184 - r. Is b a prime number?
False
Let f = -6556 - -68850. Is f composite?
True
Suppose -5*u - 4*v + 3025 = 0, -31 + 6 = -5*v. Suppose 0 = x + 3*x + m - u, 4*m + 129 = x. Is x prime?
True
Suppose 40*d - 449297 = -73*d + 84*d. Is d a prime number?
True
Let x(f) = -3*f - 4. Let d be x(-3). Suppose 252 = 4*r + d*c - 105, 5*c + 307 = 4*r. Is r composite?
False
Let s(n) = 236*n**2 - 53*n + 769. Is s(-56) a composite number?
False
Suppose 0 = -5*u + 9*u - 26816. Suppose -74*a + u = -72*a. Suppose 5*v - 3226 = -4*d, 3*d - 5*v - a = -915. Is d a prime number?
True
Let h = -371 + 1155. Suppose 5*r - 1541 = h. Let u = r - 158. Is u a prime number?
True
Let c = -7659 + 14685. Let g = 12819 - c. Is g a composite number?
True
Suppose j + 4 = 4, -v + 167605 = j. Is v a composite number?
True
Suppose -2*x + 6*x = -16. Is x/(-18) - 280396/(-36) a prime number?
True
Let u be (138/(-161))/((-2)/(-14)). Is (-2 + (-3)/u)/(32/(-364096)) a composite number?
True
Suppose -10*v = -3*v + 41475. Let t = -3218 - v. Is t a composite number?
False
Let g = 3432508 - 2258639. Is g a prime number?
False
Suppose j - 88072 + 350292 = 3*g, -3*g + 3*j + 262218 = 0. Is g a composite number?
False
Suppose 81*g - 24094959 = -4323779 - 2084263. Is g a prime number?
True
Let g(n) = -n**2 + 7*n + 10. Let z be g(8). Is (z/3)/((-44)/(-240042)) a prime number?
True
Let u(o) = -72*o**3 - 2*o**2 - 2*o + 2. Let h be u(-2). Let q = 1221 - h. Suppose 0 = 2*y - q - 245. Is y composite?
True
Suppose 2*f - 10 = 0, 0 = -5*u + 3*u + 3*f - 7. Suppose 8*l + u*l + 206100 = 0. Is l/(-9) - 2/(-3) prime?
False
Suppose 0 = -4*b + 2*d + 35025 - 10685, 2*d = 0. Let t = b - 652. Is t a composite number?
True
Let q = 214787 - 71326. Is q prime?
True
Suppose 33358 = 2*c - 16012. Is c prime?
False
Let m(w) = -1502*w + 104. Let z be m(-23). Suppose -5*t = -5*p - 1438 - 41872, 4*t = 2*p + z. Is t prime?
True
Let l(j) = 1621*j + 9555. Is l(34) a composite number?
True
Let s(r) = -r**3 - 98*r**2 - 597*r + 67. Is s(-132) composite?
False
Let t be 2/(-9) - (-156)/(-27). Let p(z) be the first derivative of -261*z**2/2 - 23*z + 235. Is p(t) composite?
False
Let l = -68520 + 371201. Is l prime?
True
Is (768848/(-1856))/(-2*(-2)/(-368)) a composite number?
True
Suppose 4*f = -2*w + 11478, -f - 4 - 1 = 0. Let z = w - 2640. Is z prime?
True
Suppose 5*j + 4*p - 105027 = 0, 3777 + 17228 = j + p. Let v = j + -4784. Is v a prime number?
True
Let y(x) = 463868*x + 931. Is y(1) prime?
False
Let p = -22516 + 38403. Let l = -4710 + p. Is l a composite number?
False
Let k(o) = 253*o - 474. Is k(31) composite?
False
Let v(r) = 167*r**2 - 15*r - 23. Let o be v(8). Suppose -41*p - o = -36*p. Let d = p + 3004. Is d prime?
False
Suppose g - 144*w = -149*w + 19141, -2*g - 2*w = -38250. Is g a prime number?
True
Let q = 345 + -349. Let y(s) = -808*s + 1. Is y(q) prime?
False
Let d(h) = 462*h**2 + 209*h + 846. Is d(37) prime?
True
Let j(l) = 5*l - 17. Let a be j(4). Suppose -5*p + a*q = -7840, 4*q - 17 = 3. Is p prime?
True
Let i(x) = 1927*x**3 + x**2 + 52*x - 143. Is i(3) a composite number?
False
Let r = -5066 - -74127. Is r a prime number?
True
Let j be (-2)/7 + 7674/42*-1. Let f = -146 - j. Is f prime?
True
Suppose -53*s = 99*s - 3979208. Is s composite?
True
Let p(o) be the third derivative of o**6/15 - o**5/20 - o**4/8 - o**3/3 - 32*o**2. Let k be p(-1). Is (516/k)/(-1) + (-18)/30 a prime number?
False
Suppose -2*l - 3*h - 494317 = -1504287, -2*l + 1009986 = 5*h. Is l a composite number?
True
Let c(p) = -p**3 - 7*p**2 - 12*p - 12. Let y be c(-5). Is (-7446)/(-4) + 1/y a prime number?
True
Let v(u) = -u**3 - u**2 + 3*u + 3. Let y be v(0). Suppose 0 = 2*f + 5*b - 97, 0 = 2*f - 2*b + y*b - 77. Is ((-7893)/f)/(1/(-4)) a composite number?
False
Suppose 225919 = -8*o + 602431. Suppose v = 3, -3*y - 2*v = 3*v - o. Is y composite?
False
Suppose -23*o - 7466351 = -77*o + 3944767. Is o composite?
True
Suppose -3*o + 0*o - 3*s - 6 = 0, 0 = 2*o - 2*s - 4. Suppose 0 = 5*k + i - 40110, o = -4*k + i - 2*i + 32087. Let a = k + -5300. Is a a composite number?
True
Let t = -536799 - -818306. Is t a composite number?
True
Is -4 + 404191/2 - ((-99)/18)/(-11) a prime number?
False
Suppose -3*t + 6*t = -3, -2*x - 2*t + 8 = 0. Suppose 9*y - 8*y = x*b + 5965, 0 = -b. Is y a prime number?
False
Let h(i) = -85*i + 10. Let p(r) = -r**2 + 4*r + 3. Let z be p(4). Suppose -4 = z*q + 5. Is h(q) composite?
True
Suppose 3162 = 22*q - 2030. Let y(c) = c**3 - c**2 - c + 1035. Let x be y(0). Let f = x - q. Is f composite?
True
Let c(f) = -129*f - 6 + 278*f + 22 + 190*f. Let s(z) = 509*z + 24. Let d(n) = -8*c(n) + 5*s(n). Is d(-3) a prime number?
False
Let v(n) = -n**3 + 4*n**2 + n + 391. Let f be 5 + (-168)/32 + (-3)/(-12). Is v(f) composite?
True
Suppose v - 43143 = 16*w - 12*w, 2*v - 86331 = -w. Is v composite?
True
Suppose -2*c = -5*g - 18918, -c - 2*g + 28358 = 2*c. Suppose -5*n + 181 + c = 0. Is n a composite number?
True
Suppose -32*d + 2014434 + 1198718 = 0. Is d prime?
True
Let t(d) = 91*d + 39. Let u be (30/15)/(2/14). Is t(u) a composite number?
True
Is 999039/38 - 4/(1 - 9) composite?
True
Suppose -3*x - 2*x = -30. Let a(r) = r**3 - 5*r**2 - 8*r + 12. Let w be a(x). Is 89*(0/2 + w - -1) a composite number?
False
Suppose 5*u - 21 = -3*h, -3*u + 0*u + 5 = -2*h. Is (534644/(-66))/((-2)/u) a prime number?
False
Suppose 284 - 104 = 4*p + 4*c, -215 = -4*p + 3*c. Suppose 6765 = 5*f + p. Is f composite?
True
Let n(d) = -10*d + 74. Let i be n(7). Is i/(-1)*502/(-8) composite?
False
Is (-335857563)/1548*(3 + 10/(-3) + -1) a composite number?
False
Suppose 138*u = -12*u + 2518050. Is u prime?
True
Let y = 267893 + -147698. Suppose -7*g + y = 8*g. Is g prime?
False
Suppose 8*c + 5*c - 5406505 = -0*c. Is c composite?
True
Let j(d) = 1635*d**2 + 46*d + 503. Is j(-10) a composite number?
False
Let j(o) = -58 + o**3 - 29*o**2 - 3*o**3 + 0*o**3 - 15*o + o**3. Is j(-29) prime?
False
Let f = -3904 + 1390. Let v(m) = -3*m**2 - 77*m + 25